- (-3 - 53)).
-43
-62 + 23 + -46 - -24 - (2 - 0)
-63
51 + (28 - 47) + -78
-46
-42 - 7 - (3 - 55)
3
Calculate 54 - 23 - (2 + -16 - -158).
-113
Evaluate 1 + (-6 - 15) - ((-2 - 15) + 28).
-31
115 - (29 - (59 - 84))
61
What is -19 - (-9 - 2) - (-6 - (0 + 7 + -1))?
4
-151 + 146 + -105 + 51
-59
What is the value of -23 + (23 - -18 - -9) + 22?
49
Calculate 148 + -189 - ((-19 - -5) + 2).
-29
Evaluate -5 + 36 - (123 - 86) - (1 - -17).
-24
What is -97 + 58 + -62 + 154?
53
Evaluate 31 + (9 + -14 - (11 - -1)).
14
What is the value of 0 + -103 - (14025 - 14111)?
-17
What is -87 + 1 - (-6595 + 6496)?
13
(-3 - 0) + (73 - (22 + -16 + (-21 - -36)))
49
Calculate 19 - ((-642 - -659) + (-1 - 63)).
66
45 - 6 - (15 - 25)
49
What is 51 - (-34 - -43 - (6 - (14 - 3)))?
37
What is the value of 2 - 9 - (-66 - (-84 + -26))?
-51
What is -7 - (-18 - 14) - (106 + -71)?
-10
What is the value of 56 - (-6 - (-52 - 12))?
-2
48 - ((20 - (110 + -105)) + (1 - 32))
64
What is -72 + 92 + -109 - -48?
-41
What is the value of 53 + -14 + (-10 - ((15 - 7) + -17))?
38
What is -37 + (36 - (-15 + -33) - 44)?
3
What is -13 + -4 + 20 + 58 + 4 + 4 + 1?
70
What is 0 + 0 + -3 - (4239 + -4190)?
-52
Evaluate (7 - (27 + -20 - 22) - -128) + -22.
128
-83 + 5 + (-3509 - -3506)
-81
1 + -159 + (3016 - 2923)
-65
Calculate 12 + (10 - (-3 + (0 + 23 - 12))).
14
What is -53 - (-13 - -4) - -162 - (0 + 15)?
103
What is the value of -9 - (-18 - (-66 + 74 + -2 + 4)) - -5?
24
What is (-102 + 312 - 114) + -146?
-50
What is 30 - (1 + 6) - 5 - (-7 + -6)?
31
What is (-17 + 5 - (-48 + -12)) + (14 - 24)?
38
Evaluate -160 + 217 + -16 + -12.
29
Evaluate -14 + -14 + 2 + -1 + -28.
-55
What is the value of -5 - ((18 + 38 - -10 - 9) + 1 + 3)?
-66
Calculate 4 - (6 + -1 + (33 - 83)).
49
25 + -39 + 81 - 52
15
What is the value of (26 - (76 + -68)) + 1 + 3?
22
Evaluate 146 - 142 - (-18 + -2) - 52.
-28
What is the value of 1 - 0 - 2 - ((-5 - 3) + (5 - -58))?
-56
-17 + -29 + (-3 - -26)
-23
Calculate -5 - -3 - 0 - (-28 - (11 + -22)).
15
Evaluate (-56 - (-18 - -26)) + 48.
-16
Calculate (24 - 45) + 3 - 52.
-70
What is the value of 7 + (-25 - -22) + 12 + -14?
2
What is the value of (-18 - -14) + -3 + 4 + 18 - 31?
-16
Evaluate 43 + -337 + -236 + 384.
-146
What is the value of 4 + 0 + 104 + -73?
35
-47 - (-12 - 21) - (9 - (6 + -4))
-21
Calculate 7 + 52 + -27 + -4.
28
137 + -156 - ((-90 - 16) + 6)
81
Calculate 37 + -1 - (64 - 32 - -105).
-101
Calculate -91 - (7 - 20 - (125 - 152)).
-105
What is the value of 26 - ((46 - 46) + 51)?
-25
70 + (-74 - -46) + -6
36
What is (29 - (-36 + 32)) + 46 - (-8 - 0)?
87
Evaluate -41 + (-36 - (-63 + 26)).
-40
What is the value of (1241 - 1278 - (-26 - -2)) + 72 + -2 + -2?
55
5 + -7 - ((-4 - 5) + 5 + 11 + 31)
-40
Calculate (17 - (27 - 15)) + 7 + 0 - -44.
56
Evaluate 9 - (-164 + 112 + 183).
-122
Evaluate (36 - (15 - -4)) + -56 + 5.
-34
What is (-3 - (-1 - (6 - -37))) + 51?
92
Evaluate 28 + (5 - (44 + -17)) - 81.
-75
What is the value of (568 - 588) + 0 + 44 - (-1 - 0)?
25
Calculate 40 + -18 - (-1 + (-17 - -9) + 2).
29
What is the value of 19 + -130 + 55 + -74?
-130
Calculate 32 + (94 + -247 - -31).
-90
Calculate -23 - (2 + 1 + -13 - (19 + (14 - 40))).
-20
Calculate -18 + 45 + (36 - (-9 + 3)).
69
Calculate -109 - -3 - -50 - -80.
24
What is the value of -212 + 34 - -97 - 37?
-118
What is -19 + 68 + -171 + 215?
93
Evaluate -102 + (31 - -84) - (-2 + 2 + 58).
-45
Evaluate 13 + -7 - (176 - 122) - -171.
123
Evaluate 49 + 156 + -123 + -45.
37
Calculate 72 - (15 + (-19 - -5 - -18) - 36).
89
What is (-1 - -16 - ((-45 - -251) + -36)) + 21?
-134
What is 53 + -55 - (1 - 14) - (21 + 1)?
-11
What is -14 + (-23 - -49) - (-4 + -4 + 0)?
20
Calculate (10 - -3) + (-5 - 10) + 8 - -3.
9
Calculate (-1 + 63 + -21 - (10 + -18)) + -23.
26
Calculate -5 - ((-1 - 49) + 493 + -480 - (1 + 1)).
34
Calculate (39 - 28) + 0 - 93.
-82
What is the value of 3 + (-38 - -48) + -63?
-50
-61 + 14 - (91 - 97)
-41
Evaluate 136 + 8 + -1056 + 991.
79
-1 - -103 - (18 - (24 - (28 - 28)) - -19)
89
Calculate (-23 - (-6 + 3)) + (-131 + 315 - 198).
-34
What is the value of 62 + -2 + 2692 + -2749?
3
What is 40 - (-43 + 5 + 105)?
-27
What is the value of 246516 + -246560 - (0 + 1 - 0 - (0 + -7))?
-52
What is the value of 6 + -1 - (-144 - (-91 + -11))?
47
What is (85 - (193 + -71)) + (3 - 11)?
-45
What is the value of (-23 - (-11 + 15 - 0)) + (3 - -2)?
-22
What is (-5 - -14) + -49 + (-20 - -91)?
31
Calculate (2 - ((-5 - (8 - -4)) + 11 - 1)) + -93.
-84
Calculate -45 - (-17 + 2 - (276 - 253)).
-7
-78 + 13 + -30 + (31 - 10)
-74
What is the value of (27 + -5 - -29) + -34?
17
-7 + 10 + 20 + 16 + -97 + 4
-54
What is the value of -30 + 19 + 35 + -50?
-26
-23 + ((-8 - -2) + -1 - (-145 - -156))
-41
What is 28 - (372 + -375 + (-1 - 3 - -3))?
32
Calculate (-1399 - -1409 - (0 + -2)) + (-98 - 2).
-88
Calculate (21 + -48 + -28 - -39) + (-1 - 47).
-64
-70 + 1 + 295 + -56 + -263
-93
What is -15 + -28 + 25 + 23 + -10?
-5
What is the value of 19 - (36 - (-1 + 11))?
-7
Calculate 83 + -5 - (0 + -75 - -117).
36
Calculate (-21 - (28 + -57 + 19)) + 28.
17
What is the value of 5705 - 5690 - (0 + 77 + -1)?
-61
19 + 31 + 66 - 77
39
What is (37 - (-11 - 30 - -16)) + -29?
33
Evaluate -57 + (59 - (-79 - -142)).
-61
Calculate (-1 - 116) + (2 - -21) + (-118 - (27 - 135)).
-104
What is -972 + 971 + 0 + -1 + -110 + 10 + -10?
-112
What is the value of (13 - 2 - -19) + 2 + 15 - 3?
44
What is 5 + 3 + -82 + -9 + -5 + 26?
-62
What is (30 - 3) + 4 + -683 + 657?
5
-16 + (-8 - (13 + -30)) - (-145 - -6)
132
Calculate (9 - (1 - -13)) + (-3 + 3 - -1) + 13.
9
What is the value of -128 - (-237 - -79) - -30?
60
170 - 198 - (-3 + -6 + (1 - 2)) - 9
-27
Evaluate 124 + 16 + 12 - -2 - (33 + -9).
130
-135 - ((-37 - -23) + -20 + -12)
-89
Calculate -13 + 23 + ((1 - 9) + 4 - (-23 + 0)).
29
Evaluate -4 + 15 + -65 - -52.
-2
Evaluate -133 + -1 + (-19 - (-26 + 13 - 8)) + -11.
-143
What is the value of (-5 - (6 - -35)) + -7?
-53
(132 - 0) + -109 + (-4 - 1)
18
Calculate (-1 - -5) + 14 - (53 + (12 - 138)).
91
What is the value of (15 - 3) + -76 + 47?
-17
18 + (-33 - -7) + -42 + 63
13
Evaluate (42 - (-119 - -110)) + -57.
-6
What is the value of (-1 + 18 - 4 - (0 + -3)) + 29?
45
What is the value of 11 + -3 + 7 + (-83 - 9 - -13)?
-64
What is the value of 62 + -58 + -102 + 110?
12
What is the value of -39 + (-68 - -121) - -5?
19
What is 11 + 14 + 12 + -40?
-3
Evaluate -20 + (5 - 55) + 8 - -20.
-42
(86 - 85) + (-1 - 3) + 12 - (-40 - -18)
31
23 - (-53 - (22 - (11 - -17)))
70
Evaluate 16 - (-13 + (16 - -10)) - (2 - 7 - -8).
0
What is the value of (103 - 103) + 0 + -7 + 30?
23
What is (-36 - (-209 + 61)) + -65?
47
Calculate -164 - (-99 + 73 + -125).
-13
1 - -13 - (3 - 6 - (72 + 19) - 2)
110
Evaluate 10 - ((-11 + -9 + 16 - 2) + (15 - -1)).
0
(35 + -39 - (2 + -9)) + -59 + -12
-68
Evaluate (-30 - -40 - -3) + -14 - (9 + 0).
-10
33 - -28 - (56 - 3)
8
Calculate -26 + (51 + 0 - 8).
17
What is -7 + (-5 - -1) - (-4 - -22 - -3)?
-32
What is the value of 241 + -280 - (3 + -38)?
-4
Calculate -3 - (16 - (16 + -7 + 4 - -4) - 3).
1
What is (1 - 11) + (14 - -10) + 1 + -17?
-2
Evaluate 29 + -31 - ((-7 - (-8 + 3)) + -3 + -64).
67
Evaluate 155 + -64 + -47 + 9.
53
What is -299 + 342 - (5 - -105)?
-67
What is 8 + (-2 - (-30 + 17) - 2)?
17
-10 - (-4 - -12 - (214 + -147 - (11 + 0)))
38
-5 - -25 - (-20 + 15 + 166 - 23)
-118
Calculate 1 + 101 - (-49 - (40 - (114 - 36))).
113
What is -58 + (58 - -53) + -139?
-86
Evaluate -7 + (1 - 1 - 1 - (15 + -17)).
-6
What is -4 + 2 + -6 + (2 - 4) + 348 + -344?
-6
Calculate (-64 - -22) + 11 - (-165 + 1).
133
What is the value of (94 - -2) + 2 - (-25 - -104 - 78) - -10?
107
What is -55 + (50 - 21 - -1)?
-25
Calculate 20 + -3 - (-45 - -59) - (-2 - -50).
-45
Evaluate -3 - 36 - (-112 + -30 + 127).
-24
Calculate -69 + 156 + -25 + -2.
60
What is (0 - 10) + -123 + 109 + (2 - 12)?
-34
(18 + -22 - -24 - 21) + 12
11
Evaluate 9 + -1 + -10 + 40.
38
What is the value of (-1 - 1) + 47 + -22 + -5?
18
What is the value of 22 - (-3 - -8 - (-47 + 52))?
22
Calculate 18 - -5 - (41 - 87 - -136).
-67
Evaluate -23 + (6 - (0 - 4)) + (-11 - -7).
-17
What is the value of 67 + -145 - (19 - -32)?
-129
Evaluate (-4 - (0 + 28)) + (-1 - 8 - (173 - 172)).
-42
What is (7 - 2 - (-20 + 1 + 15)) + 10 - 4?
15
-80 + 4 - ((-26 - (0 - -7)) + 29)
-72
Ca